{"id":385,"date":"2019-10-17T22:45:28","date_gmt":"2019-10-17T20:45:28","guid":{"rendered":"http:\/\/lesamisdesclochersduvieuxlille.com\/?page_id=385"},"modified":"2021-06-19T12:17:24","modified_gmt":"2021-06-19T10:17:24","slug":"tresor-revele-2","status":"publish","type":"page","link":"https:\/\/lesamisdesclochersduvieuxlille.com\/index.php\/tresor-revele-2\/","title":{"rendered":"L&rsquo;exposition Tr\u00e9sor R\u00e9v\u00e9l\u00e9"},"content":{"rendered":"<div class=\"fl-builder-content fl-builder-content-385\" data-post-id=\"385\"><div class=\"fl-row fl-row-fixed-width fl-row-bg-none fl-node-5eda3798782ab\" data-node=\"5eda3798782ab\">\n\t<div class=\"fl-row-content-wrap\">\n\t\t\t\t\t\t<div class=\"fl-row-content fl-row-fixed-width fl-node-content\">\n\t\t\n<div class=\"fl-col-group fl-node-5eda379878396\" data-node=\"5eda379878396\">\n\t\t\t<div class=\"fl-col fl-node-5eda3798783cf\" data-node=\"5eda3798783cf\">\n\t<div class=\"fl-col-content fl-node-content\">\n\t<div class=\"fl-module fl-module-rich-text fl-node-5eda37b46bd37\" data-node=\"5eda37b46bd37\">\n\t<div class=\"fl-module-content fl-node-content\">\n\t\t<div class=\"fl-rich-text\">\n\t<h1 style=\"text-align: left;\"><strong><span style=\"color: #e2001a;\">L'exposition \u00e0 Lille - Du 16 juin au 19 septembre 2021<\/span><\/strong><\/h1>\n<\/div>\n\t<\/div>\n<\/div>\n<div class=\"fl-module fl-module-rich-text fl-node-5eda37987843f\" data-node=\"5eda37987843f\">\n\t<div class=\"fl-module-content fl-node-content\">\n\t\t<div class=\"fl-rich-text\">\n\t<hr \/>\n<p style=\"text-align: center;\"><strong style=\"font-style: italic;\">\u2039\u2039 Animer, faire connaitre les sites historiques des \u00e9glises<\/strong>\u00a0<strong style=\"font-style: italic;\">Saint-Andr\u00e9 et Sainte-Catherine du Vieux-Lille.<\/strong><\/p>\n<p style=\"text-align: center;\"><em><strong>Participer, contribuer \u00e0 leurs restauration et mise en valeur. \u203a\u203a<\/strong><\/em><\/p>\n<hr \/>\n<p>C\u2019est dans cet esprit et suite \u00e0 l\u2019inventaire des objets et mobiliers r\u00e9alis\u00e9, \u00e0 l\u2019initiative des Amis des Clochers du Vieux-Lille, par la Commission dioc\u00e9saine d\u2019art sacr\u00e9 de Lille, qu\u2019est n\u00e9e l\u2019id\u00e9e de pr\u00e9senter au public, le tr\u00e9sor de ces deux \u00e9glises en organisant dans le ch\u0153ur de l\u2019\u00e9glise Saint-Andr\u00e9, une exposition temporaire programm\u00e9e de <strong>juin \u00e0 septembre 2021<\/strong>.<\/p>\n<p>Notre ville de Lille a \u00e9t\u00e9 pendant des si\u00e8cles une cit\u00e9 mariale et a fait preuve d\u2019une ferveur populaire lors de grandes f\u00eates. Toute la soci\u00e9t\u00e9 - magistrats, bourgeois, clerg\u00e9, confr\u00e9ries religieuses, artisans et membres des corporations \u2013 se rassemblaient lors d\u2019immenses processions. Le tableau de Fran\u00e7ois Watteau dit de Lille (1758-1823), intitul\u00e9 <em>La Procession de Lille en 1789<\/em> en est une majestueuse illustration.<\/p>\n<p>Le th\u00e8me de l\u2019exposition portera sur les pi\u00e8ces textiles liturgiques anciennes (banni\u00e8res et v\u00eatements sacerdotaux), la statuaire et quelques pi\u00e8ces d\u2019orf\u00e8vrerie. La conception de l\u2019exposition sera contemporaine avec une mise en lumi\u00e8re originale s\u2019inscrivant dans la dynamique cr\u00e9ative de Lille Capitale du Design 2020.<\/p>\n<p>L\u2019id\u00e9e est de cr\u00e9er dans le ch\u0153ur de l\u2019\u00e9glise Saint-Andr\u00e9, un \u00e9crin et une impression de cheminement, tel un cort\u00e8ge, segment\u00e9 par des imageries comme \u00e9l\u00e9ments de d\u00e9cor, dont la reproduction en tr\u00e8s grand format du tableau de Watteau, sera la sc\u00e8ne finale. Deux applications num\u00e9riques laisseront tout loisir de partager d\u2019autres \u00e9motions ou de d\u00e9couvrir Lille d'un nouvel angle.<\/p>\n<p>Visites guid\u00e9es de l\u2019exposition, atelier de broderie d\u2019art, conf\u00e9rences, soir\u00e9e privative accompagneront l\u2019exposition tout au long de la saison d\u2019\u00e9t\u00e9 2021 et contribueront \u00e0 asseoir la r\u00e9putation de cette manifestation mettant en valeur ces tr\u00e9sors sacr\u00e9s gr\u00e2ce aux soutiens des partenaires des Amis de l\u2019association des Clochers du Vieux-Lille.<\/p>\n<div class=\"wp-block-file\"><\/div>\n<\/div>\n\t<\/div>\n<\/div>\n<div class=\"fl-module fl-module-rich-text fl-node-5edf48c030a8b\" data-node=\"5edf48c030a8b\">\n\t<div class=\"fl-module-content fl-node-content\">\n\t\t<div class=\"fl-rich-text\">\n\t<hr \/>\n<p><strong>Le projet, l\u2019histoire d\u2019une renaissance<\/strong><\/p>\n<div id=\"gtx-trans\" style=\"position: absolute; left: -17px; top: -13px;\">\n<div class=\"gtx-trans-icon\"><\/div>\n<\/div>\n<\/div>\n\t<\/div>\n<\/div>\n<div class=\"fl-module fl-module-rich-text fl-node-5eda3798784af\" data-node=\"5eda3798784af\">\n\t<div class=\"fl-module-content fl-node-content\">\n\t\t<div class=\"fl-rich-text\">\n\t<hr \/>\n<p style=\"text-align: center;\"><strong>Comment r\u00e9v\u00e9ler au public d\u2019aujourd\u2019hui cet extraordinaire tr\u00e9sor du pass\u00e9 faisant partie de notre patrimoine ? Comment au XXIe si\u00e8cle, peut-on cr\u00e9er un sentiment d\u2019\u00e9merveillement devant de telles richesses ?<\/strong><\/p>\n<hr \/>\n<p>&nbsp;<\/p>\n<p>Cette exposition consiste certes \u00e0 r\u00e9v\u00e9ler au grand public des objets d\u2019orf\u00e8vrerie et des \u0153uvres textiles remarquables - banni\u00e8res et dais de processions, v\u00eatements religieux, broderies - , issus de l\u2019inventaire des \u00e9glises Sainte-Catherine et Saint-Andr\u00e9 du Vieux-Lille, mais aussi \u00e0 les pr\u00e9senter en repla\u00e7ant leur fonction dans les traditions et coutumes des habitants des Flandres et de Lille.<\/p>\n<p>Depuis le Moyen \u00c2ge, Lille connait de grandes f\u00eates populaires enracin\u00e9es dans la culture r\u00e9gionale. \u00c0 l\u2019origine religieuses, ces f\u00eates en l\u2019honneur de Notre-Dame-de-la-Treille au mois de juin ou d\u2019un saint protecteur, accompagnaient d\u2019impressionnants cort\u00e8ges et processions form\u00e9es du clerg\u00e9, les confr\u00e9ries religieuses et des autorit\u00e9s municipales. D\u00e8s le XVIe si\u00e8cle, les membres des corporations d\u2019artisans et de m\u00e9tiers de la ville y sont associ\u00e9s, ent\u00e9rinant l\u2019atmosph\u00e8re de ferveur populaire.<\/p>\n<p>\u00c0 travers la sc\u00e9nographie et le choix des \u0153uvres pr\u00e9sent\u00e9es, il s\u2019agira de :<\/p>\n<ul>\n<li>R\u00e9ussir \u00e0 <strong>\u00e9voquer<\/strong> la ferveur populaire et la passion que suscitaient ces \u00e9v\u00e8nements aupr\u00e8s des Lillois ;<\/li>\n<li><strong>Mettre en valeur<\/strong> le travail des artisans d\u2019art, <strong>expliquer<\/strong> les mati\u00e8res et techniques des broderies et la r\u00e9alisation des pi\u00e8ces textiles ;<\/li>\n<li><strong>R\u00e9v\u00e9ler<\/strong> au public, au-del\u00e0 de l\u2019\u0153uvre et sa dimension esth\u00e9tique, les symboles, les all\u00e9gories, le sens que comportent ces \u0153uvres sacr\u00e9es ;<\/li>\n<li><strong>Magnifier<\/strong> ce tr\u00e9sor, faire r\u00eaver, <strong>nourrir l\u2019imaginaire<\/strong> du visiteur ;<\/li>\n<li><strong>Transmettre<\/strong> une r\u00e9elle \u00e9motion, <strong>s\u2019interroger<\/strong> sur notre rapport au sacr\u00e9.<\/li>\n<\/ul>\n<\/div>\n\t<\/div>\n<\/div>\n<div class=\"fl-module fl-module-rich-text fl-node-5eda380d24396\" data-node=\"5eda380d24396\">\n\t<div class=\"fl-module-content fl-node-content\">\n\t\t<div class=\"fl-rich-text\">\n\t<hr \/>\n<p style=\"text-align: center;\"><strong>Un choix port\u00e9 sur le textile liturgique des XVIIIe, XIXe et XXe si\u00e8cle<\/strong><br \/>\n<strong>autour des processions et grandes f\u00eates lilloises.<\/strong><\/p>\n<hr \/>\n<p>&nbsp;<\/p>\n<p>Cette exposition n\u2019a pas vocation \u00e0 pr\u00e9senter au public l\u2019ensemble des pi\u00e8ces et \u0153uvres inventori\u00e9es des deux \u00e9glises paroissiales. Les pi\u00e8ces textiles expos\u00e9es pr\u00e9sentent un caract\u00e8re exceptionnel par la qualit\u00e9 de conservation d\u00e9coulant du soin qu\u2019ont apport\u00e9 les artisans de l\u2019\u00e9poque lors de leurs cr\u00e9ations.<\/p>\n<p>C\u2019est pourquoi, au-del\u00e0 de l\u2019exposition de 2021, l\u2019association nourrit le projet, dans les ann\u00e9es \u00e0 venir, d\u2019une d\u00e9marche de conservation et de restauration de ce patrimoine religieux en \u00e9troite concertation avec ses partenaires institutionnels.<\/p>\n<\/div>\n\t<\/div>\n<\/div>\n<div class=\"fl-module fl-module-rich-text fl-node-5edf48d871580\" data-node=\"5edf48d871580\">\n\t<div class=\"fl-module-content fl-node-content\">\n\t\t<div class=\"fl-rich-text\">\n\t<hr \/>\n<p style=\"text-align: left;\"><b>Une \u00e9quipe projet<\/b><\/p>\n<\/div>\n\t<\/div>\n<\/div>\n<div class=\"fl-module fl-module-rich-text fl-node-5eda39b30d8ad\" data-node=\"5eda39b30d8ad\">\n\t<div class=\"fl-module-content fl-node-content\">\n\t\t<div class=\"fl-rich-text\">\n\t<p>Cette exposition est organis\u00e9e \u00e0 l\u2019initiative de l\u2019association<strong> Les Amis des Clochers du Vieux Lille<\/strong> avec les collaborations culturelles et scientifiques du <strong>clerg\u00e9 affectataire<\/strong>, de la <strong>Commission dioc\u00e9saine d\u2019art sacr\u00e9 de Lille<\/strong>, la <strong>Direction du patrimoine culturel de la Ville de Lille<\/strong>, la <strong>Conservation des antiquit\u00e9s et objets d\u2019art du Conseil d\u00e9partemental du Nord<\/strong> et la <strong>Conservation r\u00e9gionale des Monuments Historiques - DRAC Hauts-de-France<\/strong>. Le commissariat de l\u2019exposition est assur\u00e9 par <strong>Monsieur Bernard Berthod<\/strong>, conservateur du mus\u00e9e d\u2019art religieux de Fourvi\u00e8re et consulteur \u00e9m\u00e9rite de la commission pontificale pour les biens culturels de l\u2019\u00e9glise. La sc\u00e9nographie est confi\u00e9e \u00e0 l\u2019agence de designers <strong>Aequo<\/strong>.<\/p>\n<\/div>\n\t<\/div>\n<\/div>\n\t<\/div>\n<\/div>\n\t<\/div>\n\t\t<\/div>\n\t<\/div>\n<\/div>\n<div class=\"fl-row fl-row-fixed-width fl-row-bg-none fl-node-60ca10d8a98a7\" data-node=\"60ca10d8a98a7\">\n\t<div class=\"fl-row-content-wrap\">\n\t\t\t\t\t\t<div class=\"fl-row-content fl-row-fixed-width fl-node-content\">\n\t\t\n<div class=\"fl-col-group fl-node-60ca10d8a995e\" data-node=\"60ca10d8a995e\">\n\t\t\t<div class=\"fl-col fl-node-60ca10d8a9997\" data-node=\"60ca10d8a9997\">\n\t<div class=\"fl-col-content fl-node-content\">\n\t<div class=\"fl-module fl-module-rich-text fl-node-60ca10d8a99cf\" data-node=\"60ca10d8a99cf\">\n\t<div class=\"fl-module-content fl-node-content\">\n\t\t<div class=\"fl-rich-text\">\n\t<p><span style=\"color: #e2001a; font-size: 22px;\"><strong>Itin\u00e9raire\u00a0des processions et grandes f\u00eates \u00e0 Lille<\/strong><\/span><\/p>\n<p>Envie de d\u00e9couvrir Lille sous un nouvel angle ?<\/p>\n<p>\u00c0 l'occasion de l'exposition\u00a0<em>Tr\u00e9sor R\u00e9v\u00e9l\u00e9. Processions et grandes f\u00eates \u00e0 Lille<\/em>, nous vous proposons un \"itin\u00e9raire des processions et grandes f\u00eates \u00e0 Lille\". Bonne visite !<\/p>\n<\/div>\n\t<\/div>\n<\/div>\n<div class=\"fl-module fl-module-html fl-node-60cdc40251d9a\" data-node=\"60cdc40251d9a\">\n\t<div class=\"fl-module-content fl-node-content\">\n\t\t<div class=\"fl-html\">\n\t<div class=\"container-wrapper-genially\" style=\"position: relative; min-height: 400px; max-width: 100%;\"><video class=\"loader-genially\" autoplay=\"autoplay\" loop=\"loop\" playsinline=\"playsInline\" muted=\"muted\" style=\"position: absolute;top: 45%;left: 50%;transform: translate(-50%, -50%);width: 80px;height: 80px;margin-bottom: 10%\"><source src=\"https:\/\/static.genial.ly\/resources\/panel-loader-low.mp4\" type=\"video\/mp4\" \/>Your browser does not support the video tag.<\/video><div id=\"5e6f99c34b44a00fb79a5fe2\" class=\"genially-embed\" style=\"margin: 0px auto; position: relative; height: auto; width: 100%;\"><\/div><\/div><script>(function (d) { var js, id = \"genially-embed-js\", ref = d.getElementsByTagName(\"script\")[0]; if (d.getElementById(id)) { return; } js = d.createElement(\"script\"); js.id = id; js.async = true; js.src = \"https:\/\/view.genial.ly\/static\/embed\/embed.js\"; ref.parentNode.insertBefore(js, ref); }(document));<\/script><\/div>\n\t<\/div>\n<\/div>\n\t<\/div>\n<\/div>\n\t<\/div>\n\t\t<\/div>\n\t<\/div>\n<\/div>\n<div class=\"fl-row fl-row-fixed-width fl-row-bg-none fl-node-60cdaf161db9e\" data-node=\"60cdaf161db9e\">\n\t<div class=\"fl-row-content-wrap\">\n\t\t\t\t\t\t<div class=\"fl-row-content fl-row-fixed-width fl-node-content\">\n\t\t\n<div class=\"fl-col-group fl-node-60cdaf161dc5b\" data-node=\"60cdaf161dc5b\">\n\t\t\t<div class=\"fl-col fl-node-60cdaf161dc95\" data-node=\"60cdaf161dc95\">\n\t<div class=\"fl-col-content fl-node-content\">\n\t<div class=\"fl-module fl-module-rich-text fl-node-60cdaf161dccd\" data-node=\"60cdaf161dccd\">\n\t<div class=\"fl-module-content fl-node-content\">\n\t\t<div class=\"fl-rich-text\">\n\t<p><span style=\"color: #e2001a;\"><span style=\"font-size: 22px;\"><b>L'atelier des banni\u00e8res<\/b><\/span><\/span><\/p>\n<p>Avec \"L'atelier des banni\u00e8res\" entrez dans l'intimit\u00e9 des banni\u00e8re de l'exposition\u00a0<em>Tr\u00e9sor R\u00e9v\u00e9l\u00e9. Processions et grandes f\u00eates \u00e0 Lille<\/em>. Explorez leur histoire et leurs d\u00e9tails et d\u00e9couvrez leur itin\u00e9raire !<\/p>\n<p>Bonne visite !<\/p>\n<\/div>\n\t<\/div>\n<\/div>\n<div class=\"fl-module fl-module-html fl-node-60cdc3d32cce0\" data-node=\"60cdc3d32cce0\">\n\t<div class=\"fl-module-content fl-node-content\">\n\t\t<div class=\"fl-html\">\n\t<div class=\"container-wrapper-genially\" style=\"position: relative; min-height: 400px; max-width: 100%;\"><video class=\"loader-genially\" autoplay=\"autoplay\" loop=\"loop\" playsinline=\"playsInline\" muted=\"muted\" style=\"position: absolute;top: 45%;left: 50%;transform: translate(-50%, -50%);width: 80px;height: 80px;margin-bottom: 10%\"><source src=\"https:\/\/static.genial.ly\/resources\/panel-loader-low.mp4\" type=\"video\/mp4\" \/>Your browser does not support the video tag.<\/video><div id=\"5e79d9a317b0f90dfb8ae2ff\" class=\"genially-embed\" style=\"margin: 0px auto; position: relative; height: auto; width: 100%;\"><\/div><\/div><script>(function (d) { var js, id = \"genially-embed-js\", ref = d.getElementsByTagName(\"script\")[0]; if (d.getElementById(id)) { return; } js = d.createElement(\"script\"); js.id = id; js.async = true; js.src = \"https:\/\/view.genial.ly\/static\/embed\/embed.js\"; ref.parentNode.insertBefore(js, ref); }(document));<\/script><\/div>\n\t<\/div>\n<\/div>\n\t<\/div>\n<\/div>\n\t<\/div>\n\t\t<\/div>\n\t<\/div>\n<\/div>\n<div class=\"fl-row fl-row-fixed-width fl-row-bg-none fl-node-5edf491570a70\" data-node=\"5edf491570a70\">\n\t<div class=\"fl-row-content-wrap\">\n\t\t\t\t\t\t<div class=\"fl-row-content fl-row-fixed-width fl-node-content\">\n\t\t\n<div class=\"fl-col-group fl-node-5edf491570be5\" data-node=\"5edf491570be5\">\n\t\t\t<div class=\"fl-col fl-node-5edf491570c1f\" data-node=\"5edf491570c1f\">\n\t<div class=\"fl-col-content fl-node-content\">\n\t<div class=\"fl-module fl-module-rich-text fl-node-5edf491570e51\" data-node=\"5edf491570e51\">\n\t<div class=\"fl-module-content fl-node-content\">\n\t\t<div class=\"fl-rich-text\">\n\t<p><span style=\"color: #e2001a;\"><strong>Informations pratiques<\/strong><\/span><\/p>\n<ul>\n<li><em><strong>Tr\u00e9sor R\u00e9v\u00e9l\u00e9. Processions et grandes f\u00eates \u00e0 Lille<\/strong>. <a href=\"http:\/\/lesamisdesclochersduvieuxlille.com\/wp-content\/uploads\/2021\/03\/2021-ACVL_DOSSIER-PRESENTATION-4-175-1.pdf\">Consulter le dossier de pr\u00e9sentation !<\/a><\/em><\/li>\n<\/ul>\n<p style=\"text-align: center;\"><strong>\u00c9glise Saint-Andr\u00e9 du Vieux-Lille<\/strong><\/p>\n<p style=\"text-align: center;\">121, rue Royale<\/p>\n<p style=\"text-align: center;\">59000 Lille<\/p>\n<p>&nbsp;<\/p>\n<ul>\n<li><em>Du 16 juin au 19 septembre 2021 du mercredi au dimanche de 14h \u00e0 18h (14h-17h45 le samedi)<\/em><\/li>\n<li><strong>Plus d'informations<\/strong> : <a href=\"mailto:contact@lesamisdesclochersduvieuxlille.com\">contact@lesamisdesclochersduvieuxlille.com<\/a> \/ <a href=\"mailto:presidence@lesamisdesclochersduvieuxlille.com\">presidence@lesamisdesclochersduvieuxlille.com<\/a><\/li>\n<\/ul>\n<\/div>\n\t<\/div>\n<\/div>\n\t<\/div>\n<\/div>\n\t<\/div>\n\t\t<\/div>\n\t<\/div>\n<\/div>\n<\/div>","protected":false},"excerpt":{"rendered":"<p>L&rsquo;exposition \u00e0 Lille &#8211; Du 16 juin au 19 septembre 2021 \u2039\u2039 Animer, faire connaitre les sites historiques des \u00e9glises\u00a0Saint-Andr\u00e9 et Sainte-Catherine du Vieux-Lille. Participer, contribuer \u00e0 leurs restauration et mise en valeur. \u203a\u203a C\u2019est dans cet esprit et suite \u00e0 l\u2019inventaire des objets et mobiliers r\u00e9alis\u00e9, \u00e0 l\u2019initiative des Amis des Clochers du Vieux-Lille, <a class=\"more-link\" href=\"https:\/\/lesamisdesclochersduvieuxlille.com\/index.php\/tresor-revele-2\/\">Lire plus &#8230;<\/a><\/p>\n","protected":false},"author":1,"featured_media":617,"parent":0,"menu_order":2,"comment_status":"closed","ping_status":"closed","template":"","meta":[],"_links":{"self":[{"href":"https:\/\/lesamisdesclochersduvieuxlille.com\/index.php\/wp-json\/wp\/v2\/pages\/385"}],"collection":[{"href":"https:\/\/lesamisdesclochersduvieuxlille.com\/index.php\/wp-json\/wp\/v2\/pages"}],"about":[{"href":"https:\/\/lesamisdesclochersduvieuxlille.com\/index.php\/wp-json\/wp\/v2\/types\/page"}],"author":[{"embeddable":true,"href":"https:\/\/lesamisdesclochersduvieuxlille.com\/index.php\/wp-json\/wp\/v2\/users\/1"}],"replies":[{"embeddable":true,"href":"https:\/\/lesamisdesclochersduvieuxlille.com\/index.php\/wp-json\/wp\/v2\/comments?post=385"}],"version-history":[{"count":46,"href":"https:\/\/lesamisdesclochersduvieuxlille.com\/index.php\/wp-json\/wp\/v2\/pages\/385\/revisions"}],"predecessor-version":[{"id":765,"href":"https:\/\/lesamisdesclochersduvieuxlille.com\/index.php\/wp-json\/wp\/v2\/pages\/385\/revisions\/765"}],"wp:featuredmedia":[{"embeddable":true,"href":"https:\/\/lesamisdesclochersduvieuxlille.com\/index.php\/wp-json\/wp\/v2\/media\/617"}],"wp:attachment":[{"href":"https:\/\/lesamisdesclochersduvieuxlille.com\/index.php\/wp-json\/wp\/v2\/media?parent=385"}],"curies":[{"name":"wp","href":"https:\/\/api.w.org\/{rel}","templated":true}]}}