{"id":28,"date":"2017-05-11T23:41:45","date_gmt":"2017-05-11T21:41:45","guid":{"rendered":"http:\/\/lesamisdesclochersduvieuxlille.com\/?page_id=28"},"modified":"2020-06-16T10:06:10","modified_gmt":"2020-06-16T08:06:10","slug":"nous-rejoindre","status":"publish","type":"page","link":"https:\/\/lesamisdesclochersduvieuxlille.com\/index.php\/nos-mecenes\/nous-rejoindre\/","title":{"rendered":"Nous rejoindre"},"content":{"rendered":"<div class=\"fl-builder-content fl-builder-content-28\" data-post-id=\"28\"><div class=\"fl-row fl-row-fixed-width fl-row-bg-none fl-node-59ae8843a682e\" data-node=\"59ae8843a682e\">\n\t<div class=\"fl-row-content-wrap\">\n\t\t\t\t\t\t<div class=\"fl-row-content fl-row-fixed-width fl-node-content\">\n\t\t\n<div class=\"fl-col-group fl-node-59ae8843b1fee\" data-node=\"59ae8843b1fee\">\n\t\t\t<div class=\"fl-col fl-node-59ae8843b204b\" data-node=\"59ae8843b204b\">\n\t<div class=\"fl-col-content fl-node-content\">\n\t<div class=\"fl-module fl-module-rich-text fl-node-59ae8843b896d\" data-node=\"59ae8843b896d\">\n\t<div class=\"fl-module-content fl-node-content\">\n\t\t<div class=\"fl-rich-text\">\n\t<p><strong>Soutenez nos projets, venez en Ami !<\/strong><\/p>\n<div id=\"gtx-trans\" style=\"position: absolute; left: -68px; top: -13px;\">\n<div class=\"gtx-trans-icon\"><\/div>\n<\/div>\n<\/div>\n\t<\/div>\n<\/div>\n<div class=\"fl-module fl-module-rich-text fl-node-5eda40a788c7b\" data-node=\"5eda40a788c7b\">\n\t<div class=\"fl-module-content fl-node-content\">\n\t\t<div class=\"fl-rich-text\">\n\t<p><em>Depuis 1989, l\u2019association Les Amis des Clochers du Vieux-Lille participe au rayonnement et \u00e0 la vie culturelle des \u00e9glises Saint-Andr\u00e9 et Sainte-Catherine du Vieux-Lille.<\/em><\/p>\n<p><strong><em>Venez en Amis !\u00a0<\/em><\/strong><\/p>\n<\/div>\n\t<\/div>\n<\/div>\n<div class=\"fl-module fl-module-rich-text fl-node-5edf435ec4a7d\" data-node=\"5edf435ec4a7d\">\n\t<div class=\"fl-module-content fl-node-content\">\n\t\t<div class=\"fl-rich-text\">\n\t<hr \/>\n<p>\u00c0 travers des <strong>expositions<\/strong> et <strong>publications<\/strong> artistiques, historiques, des <strong>concerts<\/strong> instrumentaux ou vocaux, des <strong>visites guid\u00e9es<\/strong> l\u2019association Les Amis des Clochers du Vieux-Lille participe \u00e0 la<strong> restauration<\/strong> et \u00e0 la <strong>mise en valeur<\/strong> du splendide patrimoine culturel des \u00e9glises Saint-Andr\u00e9 et Sainte-Catherine du Vieux-Lille. Cette association d\u00e9sirant animer, faire vivre ces deux sites historiques d\u00e9veloppe des manifestations culturelles de fa\u00e7on \u00e0 ce que ces \u00e9glises deviennent, dans le respect de leur destination originelle, <strong>des lieux de rencontres, d\u2019\u00e9changes, et de convivialit\u00e9.<\/strong><\/p>\n<p>De nombreux projets sont en cours de r\u00e9flexion, d\u2019\u00e9laboration... Il y a beaucoup \u00e0 construire... Rejoignez-nous, prenez part. Vous verrez, <em><strong>il se passe beaucoup de choses au sein des Amis des Clochers du Vieux-Lille !<\/strong><\/em><\/p>\n<\/div>\n\t<\/div>\n<\/div>\n<div class=\"fl-module fl-module-rich-text fl-node-5eda411d2f583\" data-node=\"5eda411d2f583\">\n\t<div class=\"fl-module-content fl-node-content\">\n\t\t<div class=\"fl-rich-text\">\n\t<p><strong>Adh\u00e9sion<\/strong> :<\/p>\n<ul>\n<li>20 \u20ac pour une personne seule ;<\/li>\n<li>10 \u20ac pour les - 25 ans ;<\/li>\n<li>30 \u20ac pour un couple ;<\/li>\n<li>\u00c0 partir de 50 \u20ac pour un membre bienfaiteur.<\/li>\n<\/ul>\n<p><em><a href=\"http:\/\/lesamisdesclochersduvieuxlille.com\/wp-content\/uploads\/2020\/06\/BULLETIN-DADH\u00c9SION.pdf\">Le bulletin d'adh\u00e9sion est disponible ici.<\/a><\/em><\/p>\n<p>Pour plus d'informations : <a href=\"mailto:contact@lesamisdesclochersduvieuxlille.com\">contact@lesamisdesclochersduvieuxlille.com<\/a><\/p>\n<\/div>\n\t<\/div>\n<\/div>\n<div class=\"fl-module fl-module-rich-text fl-node-5eda41e2517a6\" data-node=\"5eda41e2517a6\">\n\t<div class=\"fl-module-content fl-node-content\">\n\t\t<div class=\"fl-rich-text\">\n\t<p><strong>Devenir un ami des Clochers du Vieux-Lille c\u2019est :<\/strong><\/p>\n<ul>\n<li><strong>Contribuer<\/strong> \u00e0 la conservation et \u00e0 la restauration du patrimoine culturel des \u00e9glises Sainte-Catherine et Saint-Andr\u00e9 du Vieux-Lille ;<\/li>\n<li><strong>S\u2019investir<\/strong> dans la vie de l\u2019association et <strong>tisser des liens<\/strong> avec des passionn\u00e9s, des fid\u00e8les de la paroisse de Saint-Pierre du Vieux-Lille ;<\/li>\n<li><strong>Rencontrer<\/strong> et <strong>\u00e9changer<\/strong> avec des artistes et des personnalit\u00e9s du monde de la musique et de l\u2019art lors des manifestations culturelles telles que la <em>Nuit de Sainte-Catherine<\/em> ou <em>La Nuit des \u00e9glises<\/em> ;<\/li>\n<li><strong>\u00catre partie prenante<\/strong> du projet culturel majeur <a href=\"http:\/\/lesamisdesclochersduvieuxlille.com\/index.php\/tresor-revele-2\/\"><strong><em>Tr\u00e9sor R\u00e9v\u00e9l\u00e9. Processions et grandes f\u00eates \u00e0 Lille<\/em><\/strong><\/a>, exposition qui se tiendra dans le ch\u0153ur de l'\u00e9glise Saint-Andr\u00e9 \u00e0 l'\u00e9t\u00e9 2021 ;<\/li>\n<li><strong>B\u00e9n\u00e9ficier<\/strong> de toutes les activit\u00e9s de <strong>m\u00e9diation<\/strong>, de <strong>visites guid\u00e9es<\/strong>, de sorties culturelles propos\u00e9es par Les Amis des Clochers du Vieux-Lille et partager des moments agr\u00e9ables, enrichissants et conviviaux.<\/li>\n<\/ul>\n<p>Toute contribution vous permettra de vous impliquer dans la vie de l\u2019association Les Amis des Clochers du Vieux-Lille.<\/p>\n<p><strong><em>\u00c0 bient\u00f4t !<\/em><\/strong><\/p>\n<\/div>\n\t<\/div>\n<\/div>\n\t<\/div>\n<\/div>\n\t<\/div>\n\t\t<\/div>\n\t<\/div>\n<\/div>\n<\/div>","protected":false},"excerpt":{"rendered":"<p>Soutenez nos projets, venez en Ami ! Depuis 1989, l\u2019association Les Amis des Clochers du Vieux-Lille participe au rayonnement et \u00e0 la vie culturelle des \u00e9glises Saint-Andr\u00e9 et Sainte-Catherine du Vieux-Lille. Venez en Amis !\u00a0 \u00c0 travers des expositions et publications artistiques, historiques, des concerts instrumentaux ou vocaux, des visites guid\u00e9es l\u2019association Les Amis des <a class=\"more-link\" href=\"https:\/\/lesamisdesclochersduvieuxlille.com\/index.php\/nos-mecenes\/nous-rejoindre\/\">Lire plus &#8230;<\/a><\/p>\n","protected":false},"author":1,"featured_media":209,"parent":404,"menu_order":1,"comment_status":"closed","ping_status":"closed","template":"","meta":[],"_links":{"self":[{"href":"https:\/\/lesamisdesclochersduvieuxlille.com\/index.php\/wp-json\/wp\/v2\/pages\/28"}],"collection":[{"href":"https:\/\/lesamisdesclochersduvieuxlille.com\/index.php\/wp-json\/wp\/v2\/pages"}],"about":[{"href":"https:\/\/lesamisdesclochersduvieuxlille.com\/index.php\/wp-json\/wp\/v2\/types\/page"}],"author":[{"embeddable":true,"href":"https:\/\/lesamisdesclochersduvieuxlille.com\/index.php\/wp-json\/wp\/v2\/users\/1"}],"replies":[{"embeddable":true,"href":"https:\/\/lesamisdesclochersduvieuxlille.com\/index.php\/wp-json\/wp\/v2\/comments?post=28"}],"version-history":[{"count":13,"href":"https:\/\/lesamisdesclochersduvieuxlille.com\/index.php\/wp-json\/wp\/v2\/pages\/28\/revisions"}],"predecessor-version":[{"id":595,"href":"https:\/\/lesamisdesclochersduvieuxlille.com\/index.php\/wp-json\/wp\/v2\/pages\/28\/revisions\/595"}],"up":[{"embeddable":true,"href":"https:\/\/lesamisdesclochersduvieuxlille.com\/index.php\/wp-json\/wp\/v2\/pages\/404"}],"wp:featuredmedia":[{"embeddable":true,"href":"https:\/\/lesamisdesclochersduvieuxlille.com\/index.php\/wp-json\/wp\/v2\/media\/209"}],"wp:attachment":[{"href":"https:\/\/lesamisdesclochersduvieuxlille.com\/index.php\/wp-json\/wp\/v2\/media?parent=28"}],"curies":[{"name":"wp","href":"https:\/\/api.w.org\/{rel}","templated":true}]}}